6 + g. What is the units digit of i?
4
Let b(c) = -c**3 + 18*c**2 - 15*c + 14. What is the units digit of b(17)?
8
Suppose -7 = -3*i + 5. Let t(c) = c**2 - 4*c + 1. What is the units digit of t(i)?
1
Let c(i) = -i**2 + 6*i - 2. Let j be c(6). Let k be (6/(-9) - j)*-3. What is the units digit of 2/k - (-33)/6?
5
Suppose 435 = 5*s + 5*q, -5*s = -6*q + 5*q - 405. What is the tens digit of s?
8
Suppose -40 = -3*v - 7. Suppose 51 = 4*o + v. What is the tens digit of o?
1
Let q(x) = -x**2 - 2*x**2 + 6 + 2*x**2 - 8*x. What is the units digit of q(-8)?
6
Let q = 38 + -16. What is the units digit of q?
2
Let z(o) = -o**3 + 16*o**2 - 7*o + 29. What is the hundreds digit of z(15)?
1
What is the hundreds digit of 12/90*1434 - 2/10?
1
Let z(o) = 3*o. Let v be z(-1). What is the tens digit of (v - (-25 + -2)) + 4?
2
Let u(r) = 2*r**2 - 4*r**3 + 10*r - 4 - 5*r + 3*r**3. Let x be u(3). What is the units digit of (-52)/(-14) + x/7?
4
Let x = 7 + -11. Let s = -2 - x. Suppose 4*g - 4 - 6 = 2*v, -2 = -s*v + g. What is the units digit of v?
3
Let b = 8 + -5. Suppose 25 = -b*n + 5*z, -4 = -z + 1. Suppose -3*g + a + 13 = 0, g + n*g = -4*a. What is the units digit of g?
4
Suppose t - 3 = 3. Suppose 0 = 2*y + t - 32. What is the tens digit of y?
1
Suppose 42 = 4*q + 3*g, 4*q - 3*g + 8*g = 46. Let r(t) = -t**3 + 10*t**2 - 11*t - 13. Let w be r(q). What is the units digit of w/(-4) - 3/(-12)?
8
What is the hundreds digit of (4/3)/(6/1746)?
3
Let o(x) = -5*x**2 + 5*x + 9. Let n(k) = -k**2 + 1. Let c(f) = 6*n(f) - o(f). Let p be c(-3). Suppose 0 = g - 4 - p. What is the units digit of g?
7
Suppose 5*l - 440 = -0*l. Let j = -55 + l. What is the tens digit of j?
3
Let l(f) = -f**2 - 11*f + 6. Let p be l(-8). Let b = p - 13. Suppose -b = -y - 2. What is the tens digit of y?
1
Let h(x) = x**2 + x + 2. Let p(d) = d**2 + d. Let o(a) = -h(a) + 2*p(a). Suppose -5*z = 0, -6 = 3*v - v + 2*z. What is the units digit of o(v)?
4
Let u(z) = z**3 - 6*z**2 - 5*z - 5. Let h be u(7). Suppose h + 31 = 5*o. What is the units digit of o?
8
Let y = 9 - 6. Suppose y*w = -8 + 53. Suppose -2*h = -5*j - w, -j = -1 + 2. What is the units digit of h?
5
Suppose 5*x = 213 + 32. What is the units digit of x?
9
Let q(a) = a**3 - 6*a**2 + 4*a - 6. Let o be q(6). Suppose -o = -g + 12. Suppose -t - g = -6*t. What is the units digit of t?
6
Let t = 10 - 8. What is the units digit of (4/6)/(t/12)?
4
Suppose 2*d = -7 - 7. Let j = 5 - d. What is the tens digit of j?
1
Let s(x) = 43*x - 82. What is the tens digit of s(11)?
9
Suppose -2*u + 917 = 5*m - 431, -3*u = -3*m + 792. What is the hundreds digit of m?
2
What is the units digit of 23/7 - (-10)/(-35)?
3
Suppose -2*z = 2*z - 8. Let y be (z/6)/((-1)/(-15)). Suppose y = i + n, 3*i = 6*i - n - 15. What is the units digit of i?
5
Let i(f) = -f**2 + f. Let o be i(-2). Let v = 12 + o. Suppose 1 = -5*m + v. What is the units digit of m?
1
Suppose 9*v - 921 - 69 = 0. What is the hundreds digit of v?
1
Suppose 0 = -6*c - 4*c + 1120. What is the hundreds digit of c?
1
Let o(m) = m**3 - 3*m**2 + m + 3. What is the tens digit of o(4)?
2
Suppose j - 230 + 23 = 3*f, 2*j + f = 379. What is the tens digit of j?
9
Let r = 132 + -79. What is the units digit of r?
3
Let a = -6 + 1. Let b(m) = m**3 + 4*m**2 - 6*m + 3. What is the units digit of b(a)?
8
Let q = -25 + 75. What is the units digit of q?
0
Let h(j) = -j**2 + j + 4. Let y be h(3). Let b(r) = -3*r + 2. What is the units digit of b(y)?
8
Let c = -7 - -8. Let n = c - -1. Suppose 0 = n*b - b - 13. What is the units digit of b?
3
Let h(s) = s**2 + s - 6. Let o(i) = i**3 - i**2 - 5. Let m be o(0). What is the tens digit of h(m)?
1
Suppose 0 = -5*f + 15 + 35. Suppose f = a + 2*z - 0*z, 5*a + 3*z - 29 = 0. What is the units digit of a?
4
Let c = -7 + 17. Let g be c/(-25) + 68/(-5). What is the units digit of 1*(0 + g)/(-2)?
7
Let j(g) = -g**3 + 4*g**2 - 2*g + 1. Let a be j(3). Suppose -n + 4*w - 5 = 0, 0 = -a*n + 5*n + 4*w - 19. What is the units digit of n?
7
Let x = -93 - -149. Suppose -x = -7*f + 3*f. What is the tens digit of f?
1
Let o(i) = 9 - 4 + 3 + i. What is the units digit of o(-4)?
4
Let v be 5 + (-2 + 5)/(-3). Suppose v*u - 9*u = -125. Suppose 5*g = -u, 4*x - 57 = -2*g + 7*g. What is the units digit of x?
8
What is the units digit of (2 + -15)*(6 + -7)?
3
Let u be (-1)/2 - 7/(-2). Suppose -u*i + 36 = -7*i. Let g = 18 + i. What is the units digit of g?
9
Suppose -3*c - 24 = c. Let z = 4 + c. What is the units digit of (8/12)/(z/(-45))?
5
Let y(v) = 29*v**2 + 3*v + 2. What is the tens digit of y(-1)?
2
Suppose 0 = -4*o - 0 - 8. Suppose -2*p - v = -0*v - 18, 0 = -p - 3*v + 19. Let c = p - o. What is the units digit of c?
9
Let i = -186 - -321. What is the tens digit of i?
3
Suppose 9 = 3*a + u, -5*u = 4*a - 0*u - 23. Suppose 4*l - 2*l - 76 = 0. Suppose -a*q = -p + 15, l = 3*p - 5*q - 7. What is the tens digit of p?
1
Let n(m) = -m**2 + 5*m - 4. Let r be n(3). What is the units digit of 1/((-2)/((-8)/r))?
2
Suppose -z + 5*l + 13 = 0, z + 0*l - 5 = l. Suppose -z*k + 12 = -k. What is the units digit of k?
6
Suppose 5 = 5*w - 0*w. Let p be 1 + 0 + 2 + w. Suppose x = -p*x + 70. What is the tens digit of x?
1
Let a(d) = 0 + 0*d + 0 - 2*d. Let u be a(-1). Suppose -48 = -2*v - u*v. What is the tens digit of v?
1
Let t(f) = f. Let g(d) = -3*d - 1. Let i be g(2). Let s(u) = 2*u. Let p(k) = i*t(k) + 4*s(k). What is the units digit of p(3)?
3
Let m be 2/6 + 14/3. Suppose y + 3 = m. Suppose 3*a - y = -l + 6, l - 18 = -a. What is the units digit of l?
3
Let u(m) = m + 16. What is the tens digit of u(20)?
3
Let j(c) = -10*c. Let w = 2 - 0. Let s = w + -3. What is the units digit of j(s)?
0
Let h(a) = a**2 - a + 3. Let t be h(9). Suppose -t = -7*i + 2*i. What is the tens digit of i?
1
Suppose 5*o + 179 - 589 = 0. What is the tens digit of o?
8
Suppose 4*n - 18 = n. What is the units digit of n?
6
Suppose 40 = 3*a - 5*n, -36 + 11 = -2*a + 3*n. Let d(p) = p**2 + 3*p - 12. What is the tens digit of d(a)?
2
Let g = 506 - 264. What is the units digit of g?
2
Suppose -4*o = -5*v + 295, -o + 25 = -6*o. What is the tens digit of v?
5
Let k = -128 - -181. What is the units digit of k?
3
Suppose t = 5*p + 10, t - 2*p + 3 = -2. What is the tens digit of ((-24)/t)/((-3)/(-30))?
1
Let k = -7 - -12. What is the tens digit of 2*18/15*k?
1
Let g be 183/9 - (-4)/6. What is the tens digit of 1 + 2 + (g - 2)?
2
Suppose -4*i + 20 = 3*d, -i - 4*d = d - 5. Let o = -5 + i. Suppose 5*c + t - 30 = 33, -5*c + t + 57 = o. What is the tens digit of c?
1
Suppose -2*j = -0*j - 52. Let l = 5 + j. What is the tens digit of l?
3
Let j(g) = -g**2 - 4*g. Let q be j(-3). Suppose q*x + 60 = 3*y, 2*x + 25 = y + 5. What is the units digit of y?
0
What is the tens digit of 3 + 1 - (6 + (-94 - 7))?
9
Suppose 0 = -4*i - 3*i + 1372. What is the hundreds digit of i?
1
Suppose 2*p + 5*s - 3 = 0, -p - 2*p - s = -24. Let n = p + 2. What is the units digit of n?
1
Let j = 12 + -8. Suppose 12 = 2*a - h - 2*h, -24 = -j*a + 2*h. What is the units digit of a?
6
Suppose -33 = -5*u + 4*u + 4*s, -s = 3*u - 60. What is the tens digit of u?
2
Suppose 17*n - 125 = 12*n. What is the units digit of n?
5
Let z be 84/7*(-6)/(-8). What is the units digit of (z/(-6))/(4/(-24))?
9
Let y(t) be the first derivative of t**3/3 - 7*t**2/2 - 2*t + 21. Suppose 2*j - 3*l + 6*l = 22, j - 2*l - 4 = 0. What is the units digit of y(j)?
6
Let t be 8/(-36)*12*6. Let f = t - -51. What is the tens digit of f?
3
Suppose 0 = 3*t, -2 = -4*p + 3*p + 5*t. Suppose -p*u - 6 = -5*u. What is the units digit of u?
2
Suppose 0 = -2*j - 3*j + 2*u + 97, j - 3*u - 22 = 0. What is the units digit of j?
9
Suppose -3*j = 5*z - 31 - 1, 4 = 5*j - 4*z. Suppose 0 = -j*r + 17 + 15. What is the units digit of r?
8
Let x(o) be the second derivative of o**4/12 + 5*o**3/3 - 3*o. What is the units digit of x(-11)?
1
Let k = -29 - -27. Let g = -4 + 2. What is the units digit of ((-4)/g)/(k/(-8))?
8
What is the hundreds digit of -1*2/(-1)*62?
1
Suppose 0 = 4*t - 5*u + 171 - 26, -t - 3*u - 15 = 0. Let w be ((-2)/6)/((-2)/t). Let d(b) = -2*b - 7. What is the units digit of d(w)?
3
Suppose 4*d - 131 = j + 42, 5*d = 4*j + 219. What is the units digit of d?
3
Let h be (1/(-2))/((-2)/(-8)). Suppose 0 = -3*t + 3*m - 9, 3*m + 1 = t. What is 